Let o = 102 - 68. Suppose 5*k = -2*i + o, -2*k - 2*i - 2*i = -20. What is the units digit of ((-16)/4)/(-4) + k?
7
Let c(j) = -j**2 - 20*j - 39. Let d(l) = -l**2 + l + 1. Let k be d(4). What is the units digit of c(k)?
0
Let a(r) = -1 - 1 - r**3 + 9*r + 2*r**3 - 9*r**2. Let b(k) = -1. Let h(n) = -a(n) + 5*b(n). What is the tens digit of h(7)?
3
What is the units digit of (-3)/((-18)/(-81)*(-1)/6)?
1
Let y(m) = 4*m**3 - 37*m**2 - 39*m + 56. What is the thousands digit of y(14)?
3
Suppose j + 5*o = 1920, 3*j - 3*o = -129 + 5943. What is the tens digit of j?
3
Suppose -4*o - 3*g = -0*o - 3449, 0 = -3*o + 4*g + 2593. What is the tens digit of o?
6
Let v = 2 - -5. Suppose -3*u + v*u = 28. Suppose 4*g + o = 22, 3*g - u*g = -3*o - 14. What is the units digit of g?
5
Suppose 9*f = 7*f + 10. Suppose f*z = 428 + 502. What is the hundreds digit of z?
1
Suppose 9*h - 10*h + 642 = 0. Suppose 3*v - h = 93. Suppose 2*t - v = -3*t. What is the units digit of t?
9
Let h = -28 + 29. What is the units digit of (h/1)/((-3)/(-219))?
3
Suppose -2*z + 3 = -13. Let h = -179 + 181. What is the tens digit of h*22*2/z?
1
Suppose 0*g = 5*g. Suppose 0*b - 2*b - 5*m + 53 = g, -m = -1. What is the units digit of (b/(-9))/((-5)/45)?
4
Suppose 12*o - 14*o = -2. Let x be (-49)/(-14) + o/(-2). Suppose 4*b = -5*m + 220, -2*m + 260 = x*m - 4*b. What is the units digit of m?
8
Let p(u) = -u**3 - 2*u**2 + 6*u. Let h be p(-7). Let w = h - 140. What is the units digit of w?
3
Let b = 712 - 425. What is the units digit of b?
7
Let q = 3905 - 2283. What is the hundreds digit of q?
6
Suppose -5*p + 509 = -481. Let r = -131 + p. What is the units digit of r?
7
What is the tens digit of (-58)/377 + (-76)/13 - -3115?
0
Let z = 11 - 47. What is the units digit of z/16*(-20)/3?
5
Suppose -18*q + 43154 = -11296. What is the hundreds digit of q?
0
Let d(n) = 2*n + 8. Let p(g) = -g + 3. Let q be p(1). Suppose 0 = -0*t + q*t. What is the units digit of d(t)?
8
Let n(b) = 30*b - 1. Suppose 4*r = -11*r + 120. What is the hundreds digit of n(r)?
2
What is the units digit of 259/148 + 4973/4?
5
Suppose -2*i + 2*w + 21 = -3*w, -4*i = -w - 33. Suppose i - 11 = -r. What is the units digit of r?
3
Let m be ((-65)/(-2))/((-3)/(-6)). Suppose 2*y + 0*u - u - 102 = 0, y - m = 4*u. What is the tens digit of y?
4
Let a(q) = 3*q - 13. Let h be a(6). Suppose 0 = 3*s - j - 3*j + 1, h*s = -5*j - 25. What is the tens digit of (2 + s)/(3/(-48))?
1
Suppose -3 = -2*o + 1. Suppose -o = 5*x - 4*k, 5*x - 6 = -3*k + 13. Suppose -3*w = -0*w - 4*p - 114, 81 = x*w - p. What is the units digit of w?
2
What is the tens digit of 3/(-1) + 108*9?
6
Suppose 14*s + 3970 = 19*s. What is the hundreds digit of s?
7
What is the tens digit of 13/((-2 - 3)/(-25))?
6
Let t = -27 - -64. Let h = 67 - t. What is the tens digit of h?
3
Suppose 0*z = 3*b - 5*z - 32, -5*z - 36 = -4*b. Suppose 4*d = 2*k - 110, -b*k - 2*d = 3*d - 168. Suppose -3*q + 10 + k = 0. What is the tens digit of q?
1
Let t = -25 + 10. What is the units digit of ((-12)/8 + 1*t)*-6?
9
Suppose 23*j - 6*j = 0. Suppose 11*u - 15*u + 312 = j. What is the tens digit of u?
7
Suppose 4*l + u - 2*u - 20 = 0, -2*l = u - 10. Let f(h) = 31*h - 66. What is the tens digit of f(l)?
8
Let s(h) = 25*h**2 + h. Suppose -2*f = -a + 4, 0 = -2*a - 0*f - 2*f + 8. Let l be (-8)/a*2/4. What is the units digit of s(l)?
4
Let m = 104 - -405. What is the units digit of m?
9
Suppose 0 = -56*m + 41*m + 35280. What is the tens digit of m?
5
Suppose b + 7*y - 3*y = 23, -b - 3*y + 22 = 0. Suppose -x + 2*q = -27, 2*x = -6*q + 3*q + b. What is the tens digit of x?
1
Let k(s) = -5*s + 6. Let y(c) = 6*c**3 - 2*c**2 + c + 1. Let q be y(-1). What is the tens digit of k(q)?
4
Suppose 1546*v - 1540*v - 4230 = 0. What is the units digit of v?
5
Suppose -5*i + 4*a + 82 = 0, -6 = 2*i + 2*a - 28. Suppose 4*w + i = 38. What is the units digit of (612/27)/(4/w)?
4
Let b(t) = -2*t. Suppose 2*r + 0 = 14. Let h be b(r). What is the tens digit of (21/h)/((-1)/24)?
3
Suppose 0*u = 3*u + 9. Let r be (-1)/u*(-2 + 14). Suppose 71 = r*o - 65. What is the tens digit of o?
3
Let h(z) = 2*z**2 - 4*z. Let v be h(4). Let b = v + -4. Suppose c - 2*w = b, -3*c - w = -5*w - 44. What is the units digit of c?
0
Let a be (-2)/((-3 + 7)/(-4)). Suppose -a*z - 2*z + 116 = 4*k, 0 = -5*k - 4*z + 148. What is the units digit of k/3 + 8/(-12)?
0
Let x(l) = l**3 + 7*l**2 - 2*l - 2. Let s be x(-7). Let c = s + -11. What is the tens digit of (c/(-2))/(3/(-144))?
2
Let y = 59 - 31. Let h = -402 + 447. Suppose -h*p + 49*p = y. What is the units digit of p?
7
Suppose -4*k + 18 = -2*k + 2*j, 3*j - 55 = -5*k. Suppose -y - a = -k, 2*y = -0*y - a + 23. What is the units digit of y?
9
Let p be (8/(-14))/(6/(-21)). Suppose -2*o = 3*d - p, -2*o + 10 = 3*d + 2*d. Suppose -2*c - d - 32 = -2*g, 2*c + 13 = g. What is the units digit of g?
3
Suppose -6 = 2*t - 5*t. Suppose -2*n + 36 = t*n. What is the units digit of n?
9
Let z be 8/12*6/1. Suppose z*s - 10 = -2*g - g, -g + s = -1. Let p = 6 + g. What is the units digit of p?
8
What is the hundreds digit of -3017*(-4 - (-12 + 9))?
0
Let x(i) = -112*i - 237. What is the tens digit of x(-6)?
3
Let a = 2892 - 1974. What is the tens digit of a?
1
Suppose -2*l + 86 = -5*z, l - 4*l - 6 = 0. Let d be 102/27 + (-4)/z. Suppose g - 2*g = -d. What is the units digit of g?
4
Let i(b) = -b**3 - b + 1211. What is the thousands digit of i(0)?
1
Suppose -14*s + 2211 = -6021. What is the units digit of s?
8
What is the units digit of (39 + -29)/(-3*4/(-4092))?
0
Suppose 8 = 3*b - 4*i, 0 = 5*b - 5*i - 14 - 1. What is the tens digit of 66/(4/(-24)*b)*-1?
9
Let v be (-1)/((-10)/4384) + 18/30. Suppose 3*k = 2*z - v, 4*k + 877 = 4*z - k. What is the hundreds digit of z?
2
Suppose 3*l + 5*p + 23 = 4*l, -3*p - 12 = 0. Suppose 0 = l*n - 8*n + 615. Suppose -5*g = -8*g + n. What is the tens digit of g?
4
Let w(f) = f**3 + 26*f**2 + 28*f + 55. Let k be w(-25). What is the units digit of 14/(-3)*(k + 2)/1?
4
Suppose 13 - 1 = 2*m. Let f = m - -8. Suppose 3*y - y - f = 0. What is the units digit of y?
7
Suppose l + 4*l = 60. Suppose l - 22 = -2*m. Suppose 0 = g + 3*z - 9, -m*g + 48 = -3*z - 33. What is the units digit of g?
5
Let g(v) = -12*v - 1. Suppose 2*z - z + 4 = 0. Let c be 24/(-20)*(-10)/z. What is the tens digit of g(c)?
3
Let x(d) = -3*d**3 + 3*d**2 + d. Let u = -9 + 7. Let k be x(u). Suppose k = r + r. What is the units digit of r?
7
Let t(q) = -12*q**3 + 2*q**2 - 3*q - 4. Let h be t(-2). Suppose -10 = 2*l - 40. Suppose 0 = -w - 5*y + l, 4*w - y - 2*y = h. What is the tens digit of w?
2
Let v = -10321 - -14508. What is the hundreds digit of v?
1
Let v(i) = 11*i + 14. Let h be v(-7). Let r = h + 112. What is the units digit of r?
9
Suppose 0 = 12*w - 7*w. Let o(d) = -d**2 + 57. Let z be o(w). Suppose 3*q + z = k, 3*k + 2*q = -0*q + 160. What is the units digit of k?
4
Let k(h) = 2*h**2 - 14*h + 338. What is the tens digit of k(32)?
3
Let g be (3 - 6)/(-3) + 3. Suppose 0 = -0*k + g*k + 4, 0 = -4*h - 2*k + 6. Suppose -182 = -h*o - 68. What is the tens digit of o?
5
Suppose -2301 - 1107 = -16*o. What is the hundreds digit of o?
2
Suppose 18*p + 892 = 22*p. Suppose 2*m + 25 = p. What is the units digit of m?
9
Suppose q + 2*v = -q + 4832, q - 2396 = -5*v. What is the thousands digit of q?
2
Let x = -521 + 1061. What is the units digit of x?
0
Suppose -3*d + 3*r = 48, 4*r - 5 = 3*r. Let s = d - -13. What is the units digit of s?
2
Suppose -5*o - 60 = -o. Let k = -12 - o. Suppose -k*v - 54 = -5*p, -v - 50 = -4*p - 2*v. What is the tens digit of p?
1
Let x(b) be the third derivative of -b**4/2 - b**3/6 - 13*b**2. What is the tens digit of x(-1)?
1
Let q(k) = 39*k - 3. Let s(j) = 19*j - 1. Let m(d) = -2*q(d) + 5*s(d). Let i(a) = -a**3 + 10*a**2 - 10*a + 10. Let z be i(9). What is the tens digit of m(z)?
1
Let o(r) = r**3 - 7*r**2 - r + 8. Suppose 0 = -4*a - i - 6 + 30, 4*a - 36 = 2*i. What is the units digit of o(a)?
1
Suppose s + 9 = 4*u, -2 = -u - 4*s - 4. Suppose -u = -3*v + 28. What is the tens digit of v?
1
Let d = -82 - -468. Suppose -34 = -5*i + d. Suppose -5*z + 2*m = -177, -i + 17 = -2*z - 3*m. What is the units digit of z?
5
Let h = -449 - -693. Suppose 7*z - 11*z = -h. What is the units digit of z?
1
Let g(w) = 2 - w**3 + w**